is the units digit of 1527941?
1
What is the tens digit of 1888871?
7
What is the thousands digit of 115424?
5
What is the units digit of 253896?
6
What is the thousands digit of 1114494?
4
What is the thousands digit of 2327539?
7
What is the ten thousands digit of 300919?
0
What is the units digit of 2710855?
5
What is the units digit of 6238326?
6
What is the units digit of 2455095?
5
What is the tens digit of 121190?
9
What is the hundred thousands digit of 3332411?
3
What is the units digit of 4579799?
9
What is the millions digit of 2547519?
2
What is the thousands digit of 1443296?
3
What is the thousands digit of 2919775?
9
What is the ten millions digit of 20751386?
2
What is the tens digit of 1654776?
7
What is the hundreds digit of 1490961?
9
What is the tens digit of 203889?
8
What is the units digit of 5300186?
6
What is the hundreds digit of 538476?
4
What is the hundred thousands digit of 23942048?
9
What is the tens digit of 1701690?
9
What is the ten thousands digit of 18120121?
2
What is the hundreds digit of 5518750?
7
What is the thousands digit of 124608?
4
What is the tens digit of 425007?
0
What is the ten thousands digit of 2811823?
1
What is the units digit of 128296?
6
What is the ten thousands digit of 6612504?
1
What is the hundred thousands digit of 515832?
5
What is the hundreds digit of 72196?
1
What is the thousands digit of 2173153?
3
What is the tens digit of 16734474?
7
What is the tens digit of 2925323?
2
What is the units digit of 5164027?
7
What is the ten thousands digit of 61031?
6
What is the thousands digit of 250294?
0
What is the tens digit of 561205?
0
What is the units digit of 25836?
6
What is the hundred thousands digit of 336304?
3
What is the ten thousands digit of 1248228?
4
What is the hundreds digit of 3181187?
1
What is the hundreds digit of 898993?
9
What is the hundred thousands digit of 293126?
2
What is the hundred thousands digit of 1248572?
2
What is the units digit of 1828197?
7
What is the millions digit of 3019702?
3
What is the tens digit of 12796673?
7
What is the thousands digit of 1066481?
6
What is the hundred thousands digit of 605472?
6
What is the ten thousands digit of 7420133?
2
What is the thousands digit of 29990?
9
What is the units digit of 232279?
9
What is the hundred thousands digit of 288209?
2
What is the thousands digit of 667047?
7
What is the thousands digit of 45438?
5
What is the units digit of 3532473?
3
What is the ten thousands digit of 1583780?
8
What is the units digit of 2473338?
8
What is the hundreds digit of 29542?
5
What is the thousands digit of 161301?
1
What is the units digit of 1067784?
4
What is the units digit of 2089665?
5
What is the tens digit of 6266127?
2
What is the ten thousands digit of 299700?
9
What is the tens digit of 27461576?
7
What is the tens digit of 139901?
0
What is the ten thousands digit of 214591?
1
What is the tens digit of 2552259?
5
What is the thousands digit of 9245010?
5
What is the ten thousands digit of 1832507?
3
What is the millions digit of 4871631?
4
What is the units digit of 728419?
9
What is the hundreds digit of 3790377?
3
What is the hundred thousands digit of 294494?
2
What is the thousands digit of 430058?
0
What is the units digit of 3658627?
7
What is the thousands digit of 10848262?
8
What is the hundred thousands digit of 231523?
2
What is the hundreds digit of 1637867?
8
What is the hundreds digit of 76352?
3
What is the ten thousands digit of 6219746?
1
What is the hundreds digit of 59682?
6
What is the hundreds digit of 1261350?
3
What is the units digit of 5617245?
5
What is the tens digit of 241101?
0
What is the millions digit of 2335299?
2
What is the thousands digit of 100086?
0
What is the units digit of 8286456?
6
What is the millions digit of 2430909?
2
What is the ten thousands digit of 166163?
6
What is the thousands digit of 8142981?
2
What is the ten thousands digit of 806134?
0
What is the thousands digit of 2626192?
6
What is the thousands digit of 1289589?
9
What is the millions digit of 6074677?
6
What is the tens digit of 1114755?
5
What is the tens digit of 3528336?
3
What is the hundred thousands digit of 177254?
1
What is the thousands digit of 10180123?
0
What is the units digit of 535373?
3
What is the hundreds digit of 20618?
6
What is the units digit of 402374?
4
What is the hundred thousands digit of 11042475?
0
What is the tens digit of 292373?
7
What is the ten thousands digit of 935027?
3
What is the thousands digit of 897845?
7
What is the thousands digit of 14373290?
3
What is the hundred thousands digit of 581897?
5
What is the tens digit of 235253?
5
What is the hundred thousands digit of 2419557?
4
What is the hundred thousands digit of 203502?
2
What is the tens digit of 1272360?
6
What is the ten millions digit of 36569870?
3
What is the hundred thousands digit of 771572?
7
What is the tens digit of 1391573?
7
What is the thousands digit of 7569127?
9
What is the tens digit of 98570?
7
What is the ten thousands digit of 261394?
6
What is the tens digit of 69584?
8
What is the thousands digit of 5924755?
4
What is the millions digit of 5773786?
5
What is the hundred thousands digit of 920961?
9
What is the millions digit of 13389782?
3
What is the ten thousands digit of 530344?
3
What is the units digit of 792405?
5
What is the thousands digit of 266384?
6
What is the hundred thousands digit of 5533612?
5
What is the units digit of 135028?
8
What is the units digit of 786372?
2
What is the thousands digit of 333164?
3
What is the hundreds digit of 1679211?
2
What is the hundreds digit of 899826?
8
What is the tens digit of 213012?
1
What is the tens digit of 13243950?
5
What is the ten thousands digit of 69417?
6
What is the hundreds digit of 865817?
8
What is the hundreds digit of 160153?
1
What is the hundred thousands digit of 226224?
2
What is the units digit of 3080234?
4
What is the units digit of 1115276?
6
What is the ten thousands digit of 764916?
6
What is the hundred thousands digit of 249289?
2
What is the units digit of 581149?
9
What is the units digit of 1603268?
8
What is the tens digit of 611248?
4
What is the ten thousands digit of 244930?
4
What is the thousands digit of 37619560?
9
What is the tens digit of 386864?
6
What is the ten thousands digit of 1125662?
2
What is the hundred thousands digit of 1841588?
8
What is the thousands digit of 168108?
8
What is the tens digit of 301807?
0
What is the tens digit of 18650212?
1
What is the thousands digit of 1689694?
9
What is the hundreds digit of 116425?
4
What is the tens digit of 2440822?
2
What is the hundreds digit of 554160?
1
What is the tens digit of 2490391?
9
What is the ten thousands digit of 569598?
6
What is the thousands digit of 124037?
4
What is the thousands digit of 237413?
7
What is the thousands digit of 978043?
8
What is the hundreds digit of 160727?
7
What is the hundred thousands digit of 2647876?
6
What is the hundred thousands digit of 181325?
1
What is the ten thousands digit of 32086?
3
What is the tens digit of 2817358?
5
What is the units digit of 59425?
5
What is the tens digit of 147871?
7
What is the hundred thousands digit of 275723?
2
What is the hundred thousands digit of 5136521?
1
What is the tens digit of 145677?
7
What is the thousands digit of 232910?
2
What is the ten millions digit of 11221738?
1
What is the units digit of 502056?
6
What is the thousands digit of 162815?
2
What is the units digit of 308054?
4
What is the units digit of 5338245?
5
What is the hundred thousands digit of 856593?
8
What is the ten thousands digit of 998046?
9
What is the ten thousands digit of 182769?
8
What is the tens digit of 19175615?
1
What is the hundreds digit of 3413983?
9
What is the hundreds digit of 190018?
0
What is the units digit of 55566?
6
What is the hundred thousands digit of 8032686?
0
What is the tens digit of 8460729?
2
What is the millions digit of 27113651?
7
What is the hundreds digit of 1070881?
8
What is the hundreds digit of 98676?
6
What is the tens digit of 616505?
0
What is the hundreds digit of 755079?
0
What is the thousands digit of 60954?
0
What is the tens digit of 3365512?
1
What is the ten thousands digit of 55066?
5
What is the ten